r when 55 is divided by p(3)?
27
Let b = 252 - 215. Calculate the remainder when 256 is divided by b.
34
Let v(d) = -d**3 + 13*d**2 + 16*d - 17. Calculate the remainder when v(14) is divided by 3.
2
Suppose 0 = -18*g - 56 + 416. What is the remainder when g is divided by 6?
2
Calculate the remainder when 31 is divided by -1 - -3 - (-9)/1.
9
Let s(b) = b**3 + 8*b**2 - 11*b - 7. What is the remainder when s(-7) is divided by 30?
29
Suppose -c - 18 = -5*s, 0*c + 2*c + s = 19. What is the remainder when 61 is divided by c?
5
Let a(b) = -b**2 - 3*b. Suppose 0 = 2*q + 5*n + 8, 5*n + 25 = -5*q + 5. Let i be a(q). Calculate the remainder when 2 - (-5)/((-10)/i) is divided by 2.
0
Suppose 5*o = -13 + 63. Suppose -3*t + 79 = o. Let x = -12 + t. Calculate the remainder when x is divided by 4.
3
Let y(a) = -a**2 + 7*a - 7. What is the remainder when 14 is divided by y(5)?
2
Suppose -4*u = 3*n + 2*n - 207, -u = 5*n - 198. Suppose 5*p - 2*p - n = 0. What is the remainder when 24 is divided by p?
11
Suppose -2*p - 2*p + 76 = 0. Suppose -x + 3*d - 78 = -4*x, 0 = -3*x + d + 86. Let h = x - p. What is the remainder when 26 is divided by h?
8
Suppose -8*x = -5*x - 33. Calculate the remainder when x is divided by 4.
3
Calculate the remainder when 20 is divided by 1*(4 + (-6)/(-2)).
6
Let r(f) = -4*f - 7. Let z be 4/3*12/8. Suppose -24 = -c - z*c + 4*w, 2*c + 2*w - 2 = 0. What is the remainder when r(-5) is divided by c?
1
Suppose 0 = w - 6*w. Suppose 3*k + w - 1 = -r, -8 = 2*k. Calculate the remainder when (1 + 2)*(-37)/(-3) is divided by r.
11
Let b = 33 - 21. Suppose -3*w = -k - 101, 2*w - 6*w = -5*k - 142. Calculate the remainder when w is divided by b.
9
Let o(g) = g**3 + 4*g**2 - 5*g + 7. Suppose 10 = 4*p - 6*p. Calculate the remainder when o(p) is divided by 3.
1
Let t = -12 - -17. Suppose 0 = -2*j + 3*n + 17, 0*n + 59 = t*j - 2*n. Calculate the remainder when j is divided by 8.
5
Suppose p - 5*p - r = 89, 5*p + 85 = 4*r. Let w = 26 + p. What is the remainder when 7 is divided by w?
2
Suppose 3*r = -4*b - 0*b + 85, 5*r - 138 = -3*b. Calculate the remainder when 53 is divided by r.
26
Let f(l) = l - 9. Calculate the remainder when f(24) is divided by 8.
7
Let b = -17 + 177. Calculate the remainder when b is divided by 54.
52
Suppose 4*l + 5*g = 197, 5*l - 205 = -g + 3*g. Calculate the remainder when l is divided by 15.
13
What is the remainder when ((-1)/(-6))/(8/64)*60 is divided by 21?
17
Let r(a) = 21*a**2 - 7*a + 7. What is the remainder when 41 is divided by r(1)?
20
Let q = 77 + -53. What is the remainder when q is divided by 9?
6
Let w(f) = -f**2 - 7*f + 2. Let l be ((-2)/(-4))/((-7)/84). Suppose -c = -s + 2*c + 34, 2*s - 66 = 4*c. Calculate the remainder when s is divided by w(l).
7
Let d = -4 + 7. Suppose -v = -5*s + d*s + 36, -16 = -s + v. What is the remainder when 59 is divided by s?
19
Let o = -29 + 33. Suppose 3*u - 4*p - 10 = 9, p = -o*u + 19. Suppose -s + 17 = 4*t, -4*t = 3*s - 20 - 23. Calculate the remainder when s is divided by u.
3
Suppose -165 = -3*g + 5*d, -d - 109 = -5*g + 144. Suppose 0 = x + 4*x - g. Let m(n) = -3*n**3 - 3*n**2 - 3*n. What is the remainder when m(-2) is divided by x?
8
What is the remainder when 51 is divided by 2*(0 - (-18)/4)?
6
Suppose 0 = -2*p + 11*p - 135. Calculate the remainder when 58 is divided by p.
13
Let k be -1 - (-1)/(-1)*-5. Suppose -60 = -k*c + 20. Suppose -5*a - 5*f = -f - 63, -5*f - 34 = -4*a. What is the remainder when c is divided by a?
9
Suppose 3*j + 2*o = 4*o + 210, 2*j - 3*o - 145 = 0. What is the remainder when j is divided by 23?
22
Suppose 0 = -4*q + 3*l - 41, 2*l - 4*l = 2*q + 24. Let t = 0 - q. Calculate the remainder when 21 is divided by t.
10
Let c(y) = y**3 + 8*y**2 + 13*y + 4. Calculate the remainder when 40 is divided by c(-5).
12
Suppose 0 = -k - 2*j + 21, -4*k - 5*j - 46 = -115. What is the remainder when 21 is divided by k?
10
Let l(w) = -w + 23. Let t be l(0). Suppose 0*d + 18 = 2*b - 3*d, -5*d = -b + t. Suppose -j = b*j - 44. What is the remainder when 32 is divided by j?
10
What is the remainder when -7*(-11 - 3/(-3)*-3) is divided by 17?
13
Calculate the remainder when 32 is divided by -2 - (4 + -14) - -3.
10
Suppose -6 = -25*z + 23*z. What is the remainder when 5 is divided by z?
2
Let j(n) = -n**2 - 1. Let a(w) = 4*w**2 - 13*w - 8. Let t(z) = a(z) + 5*j(z). Let p be t(-12). Calculate the remainder when (p - 56)*(6 - 7) is divided by 15.
12
Suppose -2*o - 2*r + 5*r = -2, 5*o - 14 = 3*r. Suppose -94 = -o*d - 10. Let z = -5 + 16. What is the remainder when d is divided by z?
10
Let p = 4 + 19. Let x = p + -15. Suppose -j + 43 = -2*m + 10, -5*j + 4*m + 135 = 0. Calculate the remainder when j is divided by x.
7
Let g(a) = -5*a**3 - 2*a**2 - a. Let k be g(-1). Suppose 0 = -k*l + 114 - 38. What is the remainder when l is divided by ((-20)/6)/(4/(-6))?
4
Suppose -2*b = 3*t + 9 - 0, -3*b - 3*t - 9 = 0. Suppose b = f + f + i - 52, -5*i + 44 = 2*f. Calculate the remainder when f is divided by 15.
12
Let f = -5 - -3. Let u = 14 - f. What is the remainder when 47 is divided by u?
15
Suppose -3*m = 4*y - 40, -2*y + 8 = m - 6*y. Suppose 0 = -j - 4 - 3. Let d = j + m. Calculate the remainder when d is divided by 3.
2
Suppose 2*m + m = -3, -5*m = -4*h + 89. Let l(b) = -b**2 + 21*b + 11. What is the remainder when h is divided by l(21)?
10
Suppose 0 = 3*g + 2*g - 145. What is the remainder when g is divided by 15?
14
Calculate the remainder when ((-14)/3)/((-4)/6) is divided by (-2)/2*-6 + 0 + -3.
1
Suppose -2*q = 2*q, -3*x - 4*q + 177 = 0. What is the remainder when x is divided by 4?
3
Suppose -3*l + 23 = -2*h + 6, 2*l - 20 = -3*h. What is the remainder when l is divided by 2?
1
Suppose 0 = -u - 2*b + 8, 2*u - 9 = -2*b + 1. Calculate the remainder when 1/(0 - u/(-16)) is divided by (-10)/(0 + -2 - 0).
3
Suppose -17*o + 18*o - 4 = 0. Suppose 2*s - 108 = -o*t + 42, 2*s - 156 = -2*t. Calculate the remainder when s is divided by 28.
25
Let t = 49 - -58. What is the remainder when t is divided by 28?
23
Let z(m) = -m + 11. Let d be z(7). Let c(l) = -l**2 + 6*l - 5. Let u be c(d). Suppose -u*x = -6*x + 12. What is the remainder when 11 is divided by x?
3
Let r(m) = 54*m**2 - 2*m + 1. What is the remainder when r(1) is divided by 21?
11
What is the remainder when (-9*(-8)/216)/(2/186) is divided by 17?
14
Suppose 5*a + 2 - 22 = x, -16 = -4*a + x. Suppose -a*z = -2*c + 10, c = -4*c - 5*z + 85. Calculate the remainder when c is divided by 5.
3
Let m = -12 - -31. What is the remainder when -6 + 5 - 114/(-2) is divided by m?
18
Suppose 2*o = -0*o + 4. Let y(u) = -3 + 4*u**3 - u**o + 3*u - 4*u**2 - 5*u**3. Calculate the remainder when 44 is divided by y(-6).
14
Suppose 72 = -0*c + 3*c. Let a = -6 + c. What is the remainder when 52 is divided by a?
16
Suppose 10*a - 36 = 8*a. What is the remainder when a is divided by 3?
0
What is the remainder when 16 is divided by 275/(-22)*4/(-5)?
6
Let u(d) be the first derivative of d**2/2 + d - 1. What is the remainder when 2/9 - (-264)/27 is divided by u(3)?
2
Let k be 3*12/27*12. Let f = 29 - k. What is the remainder when f is divided by 5?
3
Suppose 0 = 3*z - 4*j - 49, -85 + 35 = -3*z + 5*j. What is the remainder when 27 is divided by z?
12
Suppose -n - 2*p = -38, 97 = 4*n - 0*n - 3*p. What is the remainder when n is divided by 18?
10
Let u(y) = y**2 - 4*y - 2. What is the remainder when u(7) is divided by 4?
3
Suppose 0 = -3*r - r + 16. Let z = 3 - 1. Calculate the remainder when r is divided by z.
0
Let o(j) = j**2 - j. Let l be o(0). Calculate the remainder when 21 is divided by -1 - -13 - (0 - l).
9
Suppose -3*b - 2*b = -3*p + 39, 0 = -5*p + 3*b + 81. Let r = 35 - p. Calculate the remainder when r is divided by 7.
3
Suppose -o + 5*r = -14, -3*r + 43 = 5*o - r. Let d(p) = p**3 - 12*p**2 - 6*p + 88. Calculate the remainder when d(12) is divided by o.
7
Let c(x) = -x - 1. Let i be c(-6). Suppose i*n = -1 + 31. What is the remainder when 60/(-9)*36/(-15) is divided by n?
4
Let a(f) = 6*f**2 + f - 1. Let g be a(1). Let o(k) = -k**3 + 7*k**2 - 6*k + 3. What is the remainder when 3 is divided by o(g)?
0
Let i(b) = -b**3 - 2*b**2 + 4*b + 7. Let j(y) = y + 1. Let t(q) = -i(q) + 5*j(q). Calculate the remainder when t(2) is divided by 6.
4
What is the remainder 